s 4 divide 484?
True
Does 58 divide 162574?
True
Is 10080 a multiple of 32?
True
Is 260 a multiple of 52?
True
Is 1140 a multiple of 13?
False
Is 23 a factor of 3359?
False
Is 3739 a multiple of 43?
False
Is 7205 a multiple of 42?
False
Is 24343 a multiple of 45?
False
Is 35568 a multiple of 144?
True
Is 8 a factor of 451?
False
Is 481 a multiple of 12?
False
Does 52 divide 1924?
True
Does 18 divide 1129?
False
Does 6 divide 3471?
False
Does 5 divide 220?
True
Is 10237 a multiple of 9?
False
Is 43382 a multiple of 8?
False
Is 4481 a multiple of 4?
False
Is 66 a factor of 335?
False
Is 1024 a multiple of 11?
False
Does 188 divide 36660?
True
Is 80 a factor of 687?
False
Is 64449 a multiple of 39?
False
Is 111 a factor of 17982?
True
Is 49 a factor of 2076?
False
Does 10 divide 34?
False
Is 45026 a multiple of 11?
False
Is 5 a factor of 2310?
True
Does 6 divide 2442?
True
Does 47 divide 3255?
False
Does 7 divide 1498?
True
Does 13 divide 23994?
False
Is 1872 a multiple of 52?
True
Does 19 divide 589?
True
Is 1892 a multiple of 25?
False
Is 10 a factor of 1049?
False
Does 24 divide 21816?
True
Does 150 divide 70350?
True
Is 68 a factor of 5671?
False
Does 113 divide 1982?
False
Does 14 divide 6580?
True
Is 15 a factor of 277?
False
Is 18 a factor of 4499?
False
Is 234 a factor of 84474?
True
Is 6 a factor of 714?
True
Is 8224 a multiple of 16?
True
Is 4315 a multiple of 34?
False
Is 2892 a multiple of 5?
False
Is 294 a multiple of 3?
True
Is 12 a factor of 157?
False
Does 25 divide 3800?
True
Is 30 a factor of 76312?
False
Is 20034 a multiple of 53?
True
Is 78 even?
True
Is 47765 a multiple of 41?
True
Is 3042 a multiple of 26?
True
Is 30492 a multiple of 15?
False
Is 78603 a multiple of 173?
False
Is 4 a factor of 29118?
False
Is 35 a factor of 1896?
False
Is 13 a factor of 1045?
False
Is 45133 a multiple of 135?
False
Is 14 a factor of 434?
True
Does 35 divide 4130?
True
Is 208 a multiple of 12?
False
Is 529 a multiple of 42?
False
Does 6 divide 5197?
False
Is 107 a factor of 117744?
False
Is 437 a multiple of 14?
False
Is 37 a factor of 5246?
False
Does 6 divide 804?
True
Does 118 divide 3646?
False
Is 13 a factor of 1940?
False
Is 25220 a multiple of 26?
True
Is 61824 a multiple of 14?
True
Is 30 a factor of 12873?
False
Is 29 a factor of 518?
False
Is 19 a multiple of 3?
False
Is 4923 a multiple of 3?
True
Does 27 divide 733?
False
Is 33 a factor of 825?
True
Is 29555 a multiple of 26?
False
Is 76006 a multiple of 269?
False
Does 125 divide 22750?
True
Is 1488 a multiple of 12?
True
Does 20 divide 4223?
False
Is 95 a multiple of 11?
False
Is 406 a multiple of 2?
True
Is 4059 a multiple of 41?
True
Is 61633 a multiple of 11?
True
Does 73 divide 11680?
True
Is 58 a factor of 6496?
True
Does 14 divide 8237?
False
Is 5582 a multiple of 58?
False
Does 337 divide 33363?
True
Is 9 a factor of 4047?
False
Is 8052 a multiple of 66?
True
Is 6053 a multiple of 119?
False
Is 28 a factor of 5152?
True
Is 705 a multiple of 37?
False
Is 54 a multiple of 6?
True
Is 9 a factor of 81?
True
Is 9 a factor of 2754?
True
Is 32 a factor of 28387?
False
Is 1848 a multiple of 84?
True
Does 13 divide 264?
False
Does 181 divide 14842?
True
Does 45 divide 7351?
False
Is 21 a factor of 1155?
True
Is 22 a factor of 242?
True
Is 17 a factor of 136?
True
Is 8343 a multiple of 25?
False
Does 5 divide 785?
True
Is 6079 a multiple of 45?
False
Does 45 divide 2430?
True
Is 7 a factor of 7882?
True
Is 2774 a multiple of 48?
False
Does 28 divide 1316?
True
Does 86 divide 5656?
False
Is 4572 a multiple of 18?
True
Is 1132 a multiple of 50?
False
Is 14974 a multiple of 7?
False
Is 351 a multiple of 13?
True
Is 11960 a multiple of 5?
True
Does 51 divide 35543?
False
Is 15 a factor of 1020?
True
Is 2 a factor of 3284?
True
Does 13 divide 15806?
False
Is 20 a factor of 780?
True
Does 185 divide 10360?
True
Does 34 divide 3196?
True
Does 48 divide 8382?
False
Is 2 a factor of 52?
True
Is 3538 a multiple of 61?
True
Is 26 a factor of 4212?
True
Is 8052 a multiple of 26?
False
Is 112 a multiple of 6?
False
Does 91 divide 2002?
True
Is 3 a multiple of 2?
False
Does 87 divide 30450?
True
Does 155 divide 16585?
True
Is 4 a factor of 2005?
False
Is 18 a factor of 36?
True
Is 14 a factor of 4452?
True
Does 45 divide 7740?
True
Does 9 divide 7087?
False
Does 13 divide 2449?
False
Is 61 a factor of 2212?
False
Does 10 divide 5590?
True
Is 21690 a multiple of 18?
True
Is 4310 a multiple of 108?
False
Is 59 a factor of 6781?
False
Does 116 divide 16588?
True
Is 85 a factor of 1190?
True
Is 194 a factor of 85748?
True
Is 3184 a multiple of 14?
False
Does 6 divide 7868?
False
Is 712 a multiple of 29?
False
Is 18 a factor of 2957?
False
Is 24955 a multiple of 31?
True
Is 10 a factor of 1290?
True
Is 108 a factor of 45485?
False
Is 84 a factor of 7103?
False
Does 2 divide 56?
True
Does 17 divide 10736?
False
Does 5 divide 1122?
False
Does 4 divide 504?
True
Is 332 a factor of 52438?
False
Does 15 divide 780?
True
Is 10 a factor of 3723?
False
Is 570 a multiple of 30?
True
Is 325 a multiple of 65?
True
Is 20 a factor of 39531?
False
Is 3905 a multiple of 17?
False
Is 15065 a multiple of 21?
False
Is 21109 a multiple of 167?
False
Does 2 divide 3511?
False
Is 1575 a multiple of 35?
True
Is 58 a factor of 115478?
True
Does 27 divide 16205?
False
Does 162 divide 5832?
True
Is 13 a factor of 3822?
True
Does 4 divide 856?
True
Is 134 a multiple of 78?
False
Is 2408 even?
True
Does 16 divide 35672?
False
Is 280 a multiple of 5?
True
Is 39 a factor of 80794?
False
Is 630 a multiple of 9?
True
Does 6 divide 1148?
False
Is 15378 a multiple of 14?
False
Does 28 divide 2772?
True
Is 11 a factor of 643?
False
Is 1677 a multiple of 43?
True
Does 23 divide 24311?
True
Is 54 a factor of 29351?
False
Is 23886 a multiple of 17?
False
Is 108 a factor of 9504?
True
Is 3338 a multiple of 64?
False
Is 10637 a multiple of 12?
False
Does 21 divide 13133?
False
Does 12 divide 120?
True
Is 274 a factor of 70966?
True
Is 27 a factor of 2227?
False
Does 35 divide 28949?
False
Does 76 divide 6688?
True
Is 24120 a multiple of 90?
True
Is 2665 a multiple of 46?
False
Is 154 a factor of 60435?
False
Is 1545 a multiple of 103?
True
Is 575 a multiple of 24?
False
Does 115 divide 19435?
True
Is 13114 a multiple of 158?
True
Does 17 divide 1785?
True
Is 5773 a multiple of 23?
True
Is 42275 a multiple of 35?
False
Is 20 a factor of 62283?
False
Is 8382 a multiple of 5?
False
Is 30 a factor of 2361?
False
Is 52 a multiple of 13?
True
Is 31 a factor of 434?
True
Does 20 divide 200?
True
Is 2 a factor of 4122?
True
Is 11 a factor of 770?
True
Is 2214 a multiple of 123?
True
Is 5 a factor of 605?
True
Is 1131 a multiple of 12?
False
Does 9 divide 1707?
False
Does 39 divide 1521?
True
Is 20 a factor of 34900?
True
Does 130 divide 5048?
False
Does 17 divide 5406?
True
Is 32 a factor of 41408?
True
Does 55 divide 81?
False
Is 9 a factor of 8809?
False
Does 4 divide 7365?
False
Is 314 a factor of 5338?
True
Does 6 divide 10848?
True
Does 2 divide 250?
True
Does 34 divide 5474?
True
Is 21 a factor of 253?
False
Does 24 divide 66144?
True
Is 643 a multiple of 41?
False
Does 10 divide 1228?
False
Is 21 a factor of 58094?
False
Does 50 divide 4284?
False
Is 16 a factor of 288?
True
Is 27 a factor of 3113?
False
Is 19 a factor of 73796?
True
Is 2772 a multiple of 6?
True
Is 67864 a multiple of 17?
True
Is 5184 a multiple of 18?
True
Is 3 a factor of 3624?
True
Is 1928 a multiple of 3?
False
Is 3960 a multiple of 90?
True
Is 18 a factor of 75393?
False
Is 26 a factor of 1645?
False
Is 88801 a multiple of 15?
False
Does 133 divide 5078?
False
Is 42 a factor of 42?
True
Is 4114 a multiple of 14?
False
Is 54 a factor of 1620?
True
Is 43 a factor of 3139?
True
Does 4 divide 182?
False
Is 150 a multiple of 5?
True
Is 23 a factor of 39974?
True
Is 10720 a multiple of 14?
False
Does 23 divide 1955?
True
Is 65995 a multiple of 32?
False
Does 2 divide 2491?
False
Is 28541 a multiple of 57?
False
Is 662 a multiple of 9?
False
Does 55 divide 2365?
True
Is 15 a factor of 634?
False
Is 5344 a multiple of 20?
False
Is 57861 a multiple of 318?
False
Is 1070 a multiple of 10?
True
Does 44 divide 968?
True
Is 234 a multiple of 18?
True
Is 24 a factor of 1776?
T